{"id":124,"date":"2024-04-12T11:57:01","date_gmt":"2024-04-12T09:57:01","guid":{"rendered":"https:\/\/themepalacedemo.com\/onjob\/?page_id=124"},"modified":"2024-04-12T12:17:50","modified_gmt":"2024-04-12T10:17:50","slug":"pour-vos-activitees-en-france-recruter-en-roumanie","status":"publish","type":"page","link":"https:\/\/atlantis-interim.com\/index.php\/pour-vos-activitees-en-france-recruter-en-roumanie\/","title":{"rendered":"Nous recrutons en\u00a0Roumanie pour la france."},"content":{"rendered":"\n<p>Vous \u00eates une soci\u00e9t\u00e9 fran\u00e7aise et vous recherchez\u00a0<strong>des <a href=\"https:\/\/atlantis-interim.com\/index.php\/2023\/02\/09\/les-droits-des-travailleurs-temporaires-roumains-en-formation-professionnelle\/\" data-internallinksmanager029f6b8e52c=\"18\" title=\"travailleurs temporaires\">travailleurs temporaires<\/a><\/strong>\u00a0? <br>atlantis interim recrute pour vous des travailleurs <a href=\"https:\/\/atlantis-interim.com\/index.php\/2025\/02\/26\/lapport-des-interimaires-roumains-dans-lelevage-expertise-et-flexibilite-au-service-des-exploitations-europeennes\/\" data-internallinksmanager029f6b8e52c=\"2\" title=\"Interimaires Roumains\">int\u00e9rimaires roumains<\/a> et prend en charge toutes les d\u00e9marches.<\/p>\n","protected":false},"excerpt":{"rendered":"<p>Vous \u00eates une soci\u00e9t\u00e9 fran\u00e7aise et vous recherchez\u00a0des travailleurs temporaires\u00a0? atlantis interim recrute pour vous des travailleurs int\u00e9rimaires roumains et prend en charge toutes les d\u00e9marches.<\/p>\n","protected":false},"author":1,"featured_media":171,"parent":0,"menu_order":0,"comment_status":"closed","ping_status":"closed","template":"","meta":{"_monsterinsights_skip_tracking":false,"_monsterinsights_sitenote_active":false,"_monsterinsights_sitenote_note":"","_monsterinsights_sitenote_category":0,"footnotes":""},"class_list":["post-124","page","type-page","status-publish","has-post-thumbnail","hentry","page--item"],"aioseo_notices":[],"jetpack_sharing_enabled":true,"_links":{"self":[{"href":"https:\/\/atlantis-interim.com\/index.php\/wp-json\/wp\/v2\/pages\/124","targetHints":{"allow":["GET"]}}],"collection":[{"href":"https:\/\/atlantis-interim.com\/index.php\/wp-json\/wp\/v2\/pages"}],"about":[{"href":"https:\/\/atlantis-interim.com\/index.php\/wp-json\/wp\/v2\/types\/page"}],"author":[{"embeddable":true,"href":"https:\/\/atlantis-interim.com\/index.php\/wp-json\/wp\/v2\/users\/1"}],"replies":[{"embeddable":true,"href":"https:\/\/atlantis-interim.com\/index.php\/wp-json\/wp\/v2\/comments?post=124"}],"version-history":[{"count":3,"href":"https:\/\/atlantis-interim.com\/index.php\/wp-json\/wp\/v2\/pages\/124\/revisions"}],"predecessor-version":[{"id":219,"href":"https:\/\/atlantis-interim.com\/index.php\/wp-json\/wp\/v2\/pages\/124\/revisions\/219"}],"wp:featuredmedia":[{"embeddable":true,"href":"https:\/\/atlantis-interim.com\/index.php\/wp-json\/wp\/v2\/media\/171"}],"wp:attachment":[{"href":"https:\/\/atlantis-interim.com\/index.php\/wp-json\/wp\/v2\/media?parent=124"}],"curies":[{"name":"wp","href":"https:\/\/api.w.org\/{rel}","templated":true}]}}

<p>Vous êtes une société française et vous recherchez <strong>des <a href="https://atlantis-interim.com/index.php/2023/02/09/les-droits-des-travailleurs-temporaires-roumains-en-formation-professionnelle/" data-internallinksmanager029f6b8e52c="18" title="travailleurs temporaires">travailleurs temporaires</a></strong> ? <br>atlantis interim recrute pour vous des travailleurs <a href="https://atlantis-interim.com/index.php/2025/02/26/lapport-des-interimaires-roumains-dans-lelevage-expertise-et-flexibilite-au-service-des-exploitations-europeennes/" data-internallinksmanager029f6b8e52c="2" title="Interimaires Roumains">intérimaires roumains</a> et prend en charge toutes les démarches.</p>

<p>Vous êtes une société française et vous recherchez des travailleurs temporaires ? atlantis interim recrute pour vous des travailleurs intérimaires roumains et prend en charge toutes les démarches.</p>
